hat are the prime factors of 7981?
23, 347
What are the prime factors of 37363?
37363
What are the prime factors of 24961?
109, 229
List the prime factors of 21540.
2, 3, 5, 359
List the prime factors of 66524.
2, 16631
What are the prime factors of 4588?
2, 31, 37
List the prime factors of 1885.
5, 13, 29
What are the prime factors of 10835?
5, 11, 197
List the prime factors of 27450.
2, 3, 5, 61
List the prime factors of 27277.
27277
List the prime factors of 15587.
11, 13, 109
List the prime factors of 8548.
2, 2137
What are the prime factors of 18200?
2, 5, 7, 13
What are the prime factors of 5267?
23, 229
List the prime factors of 100621.
100621
List the prime factors of 19881.
3, 47
What are the prime factors of 475?
5, 19
List the prime factors of 720.
2, 3, 5
What are the prime factors of 1267?
7, 181
What are the prime factors of 892?
2, 223
List the prime factors of 2783.
11, 23
What are the prime factors of 51105?
3, 5, 3407
List the prime factors of 892.
2, 223
What are the prime factors of 120431?
120431
What are the prime factors of 4608?
2, 3
List the prime factors of 344.
2, 43
What are the prime factors of 417?
3, 139
What are the prime factors of 2175?
3, 5, 29
What are the prime factors of 3523?
13, 271
List the prime factors of 843.
3, 281
List the prime factors of 45217.
103, 439
List the prime factors of 3040.
2, 5, 19
List the prime factors of 7453.
29, 257
What are the prime factors of 7679?
7, 1097
What are the prime factors of 1515?
3, 5, 101
What are the prime factors of 4936?
2, 617
List the prime factors of 78239.
7, 11177
List the prime factors of 4965.
3, 5, 331
List the prime factors of 195.
3, 5, 13
What are the prime factors of 1296?
2, 3
List the prime factors of 9320.
2, 5, 233
List the prime factors of 88.
2, 11
What are the prime factors of 118241?
317, 373
What are the prime factors of 49023?
3, 13, 419
List the prime factors of 552.
2, 3, 23
What are the prime factors of 11480?
2, 5, 7, 41
List the prime factors of 31995.
3, 5, 79
List the prime factors of 19960.
2, 5, 499
What are the prime factors of 2097?
3, 233
What are the prime factors of 41458?
2, 19, 1091
List the prime factors of 1000.
2, 5
List the prime factors of 26122.
2, 37, 353
What are the prime factors of 776?
2, 97
What are the prime factors of 330?
2, 3, 5, 11
List the prime factors of 6886.
2, 11, 313
List the prime factors of 10632.
2, 3, 443
List the prime factors of 7398.
2, 3, 137
What are the prime factors of 45?
3, 5
What are the prime factors of 461?
461
What are the prime factors of 18613?
7, 2659
List the prime factors of 33370.
2, 5, 47, 71
What are the prime factors of 57308?
2, 14327
List the prime factors of 112.
2, 7
What are the prime factors of 381?
3, 127
List the prime factors of 13949.
13, 29, 37
List the prime factors of 13904.
2, 11, 79
What are the prime factors of 6615?
3, 5, 7
List the prime factors of 52707.
3, 17569
List the prime factors of 15378.
2, 3, 11, 233
List the prime factors of 75286.
2, 37643
What are the prime factors of 13784?
2, 1723
What are the prime factors of 1414?
2, 7, 101
What are the prime factors of 32764?
2, 8191
What are the prime factors of 137678?
2, 23, 41, 73
List the prime factors of 1219.
23, 53
List the prime factors of 3488.
2, 109
List the prime factors of 30117.
3, 10039
List the prime factors of 67553.
43, 1571
What are the prime factors of 12621?
3, 7, 601
List the prime factors of 5923.
5923
What are the prime factors of 1813?
7, 37
What are the prime factors of 2443?
7, 349
What are the prime factors of 309?
3, 103
List the prime factors of 3081.
3, 13, 79
List the prime factors of 100.
2, 5
List the prime factors of 14087.
14087
What are the prime factors of 37392?
2, 3, 19, 41
List the prime factors of 1065.
3, 5, 71
What are the prime factors of 2307?
3, 769
List the prime factors of 7206.
2, 3, 1201
What are the prime factors of 6485?
5, 1297
What are the prime factors of 6722?
2, 3361
What are the prime factors of 9985?
5, 1997
List the prime factors of 9209.
9209
List the prime factors of 4176.
2, 3, 29
List the prime factors of 119951.
13, 9227
List the prime factors of 10251.
3, 17, 67
List the prime factors of 2217.
3, 739
What are the prime factors of 4571?
7, 653
What are the prime factors of 1517?
37, 41
What are the prime factors of 134483?
181, 743
List the prime factors of 8059.
8059
List the prime factors of 315.
3, 5, 7
What are the prime factors of 300?
2, 3, 5
What are the prime factors of 8353?
8353
List the prime factors of 442.
2, 13, 17
List the prime factors of 1938.
2, 3, 17, 19
What are the prime factors of 2777?
2777
List the prime factors of 1067.
11, 97
What are the prime factors of 1344?
2, 3, 7
List the prime factors of 19908.
2, 3, 7, 79
List the prime factors of 1224.
2, 3, 17
What are the prime factors of 12679?
31, 409
What are the prime factors of 2619?
3, 97
What are the prime factors of 12249?
3, 1361
What are the prime factors of 797?
797
List the prime factors of 2398.
2, 11, 109
What are the prime factors of 3493?
7, 499
What are the prime factors of 6100?
2, 5, 61
What are the prime factors of 7781?
31, 251
List the prime factors of 17437.
7, 47, 53
List the prime factors of 42384.
2, 3, 883
List the prime factors of 41864.
2, 5233
What are the prime factors of 1101?
3, 367
List the prime factors of 58077.
3, 239
What are the prime factors of 2356?
2, 19, 31
List the prime factors of 32982.
2, 3, 23, 239
List the prime factors of 12037.
12037
List the prime factors of 8726.
2, 4363
What are the prime factors of 11924?
2, 11, 271
What are the prime factors of 3445?
5, 13, 53
List the prime factors of 52038.
2, 3, 7, 59
What are the prime factors of 61266?
2, 3, 10211
List the prime factors of 20.
2, 5
List the prime factors of 12593.
7, 257
What are the prime factors of 1277?
1277
What are the prime factors of 44997?
3, 53, 283
What are the prime factors of 57576?
2, 3, 2399
List the prime factors of 23194.
2, 11597
What are the prime factors of 8890?
2, 5, 7, 127
What are the prime factors of 32111?
163, 197
What are the prime factors of 18657?
3, 691
What are the prime factors of 6038?
2, 3019
What are the prime factors of 16185?
3, 5, 13, 83
What are the prime factors of 1125?
3, 5
What are the prime factors of 1050?
2, 3, 5, 7
List the prime factors of 10225.
5, 409
List the prime factors of 52831.
23, 2297
List the prime factors of 315.
3, 5, 7
List the prime factors of 16966.
2, 17, 499
What are the prime factors of 4535?
5, 907
List the prime factors of 4080.
2, 3, 5, 17
List the prime factors of 33596.
2, 37, 227
List the prime factors of 28441.
7, 17, 239
List the prime factors of 310.
2, 5, 31
List the prime factors of 23998.
2, 13, 71
What are the prime factors of 2521?
2521
List the prime factors of 1717.
17, 101
List the prime factors of 3395.
5, 7, 97
List the prime factors of 7419.
3, 2473
List the prime factors of 20300.
2, 5, 7, 29
List the prime factors of 1622.
2, 811
List the prime factors of 633.
3, 211
List the prime factors of 10437.
3, 7, 71
What are the prime factors of 691?
691
What are the prime factors of 982?
2, 491
List the prime factors of 99255.
3, 5, 13, 509
What are the prime factors of 10938?
2, 3, 1823
What are the prime factors of 37469?
89, 421
List the prime factors of 2927.
2927
What are the prime factors of 46423?
13, 3571
What are the prime factors of 875?
5, 7
List the prime factors of 28032.
2, 3, 73
What are the prime factors of 92?
2, 23
What are the prime factors of 10401?
3, 3467
What are the prime factors of 750?
2, 3, 5
What are the prime factors of 8365?
5, 7, 239
List the prime factors of 9877.
7, 17, 83
What are the prime factors of 91231?
7, 13033
List the prime factors of 1601.
1601
What are the prime factors of 3073?
7, 439
List the prime factors of 45998.
2, 109, 211
List the prime factors of 54993.
3, 23, 797
What are the prime factors of 1460?
2, 5, 73
List the prime factors of 100488.
2, 3, 53, 79
List the prime factors of 52086.
2, 3, 8681
List the prime factors of 2030.
2, 5, 7, 29
What are the prime factors of 1781?
13, 137
List the prime factors of 31976.
2, 7, 571
What are the prime factors of 3522?
2, 3, 587
What are the prime factors of 91967?
91967
What are t